Nov 30 20:56:05.953 INFO testing werner/focusvent against master#8940af3cea4a9a9deabcaf843b2f8cad9a83fc61 for beta-1.31-5
Nov 30 20:56:05.954 INFO running `"docker" "create" "-v" "/mnt/big/crater/work/local/target-dirs/beta-1.31-5/worker-5/master#8940af3cea4a9a9deabcaf843b2f8cad9a83fc61:/target:rw,Z" "-v" "/mnt/big/crater/work/local/test-source/worker-5/beta-1.31-5/master#8940af3cea4a9a9deabcaf843b2f8cad9a83fc61:/source:ro,Z" "-v" "/mnt/big/crater/work/local/cargo-home:/cargo-home:ro,Z" "-v" "/mnt/big/crater/work/local/rustup-home:/rustup-home:ro,Z" "-e" "USER_ID=1000" "-e" "SOURCE_DIR=/source" "-e" "USER_ID=1000" "-e" "CMD=cargo +8940af3cea4a9a9deabcaf843b2f8cad9a83fc61-alt build --frozen" "-e" "CARGO_TARGET_DIR=/target" "-e" "CARGO_INCREMENTAL=0" "-e" "RUST_BACKTRACE=full" "-e" "RUSTFLAGS=--cap-lints=warn" "-e" "CARGO_HOME=/cargo-home" "-e" "RUSTUP_HOME=/rustup-home" "-m" "1536M" "--network" "none" "crater"`
Nov 30 20:56:06.569 INFO [stdout] b9b668562343f0dccd5ce061969d051fee8908a9b58d2333176f0921e7af4bea
Nov 30 20:56:06.572 INFO running `"docker" "start" "-a" "b9b668562343f0dccd5ce061969d051fee8908a9b58d2333176f0921e7af4bea"`
Nov 30 20:56:09.273 INFO [stderr] usermod: no changes
Nov 30 20:56:09.638 INFO [stderr]    Compiling yansi v0.4.0
Nov 30 20:56:09.638 INFO [stderr]    Compiling proc-macro2 v0.4.19
Nov 30 20:56:09.639 INFO [stderr]    Compiling serde v1.0.78
Nov 30 20:56:09.640 INFO [stderr]    Compiling unicode-segmentation v1.2.1
Nov 30 20:56:09.652 INFO [stderr]    Compiling state v0.4.1
Nov 30 20:56:09.653 INFO [stderr]    Compiling pear v0.0.20
Nov 30 20:56:09.653 INFO [stderr]    Compiling ordermap v0.2.13
Nov 30 20:56:09.653 INFO [stderr]    Compiling crossbeam-utils v0.2.2
Nov 30 20:56:13.840 INFO [stderr]    Compiling memchr v2.0.2
Nov 30 20:56:13.841 INFO [stderr]    Compiling isatty v0.1.9
Nov 30 20:56:15.804 INFO [stderr]    Compiling base64 v0.6.0
Nov 30 20:56:16.428 INFO [stderr]    Compiling pear_codegen v0.0.20
Nov 30 20:56:16.433 INFO [stderr]    Compiling rocket v0.3.16
Nov 30 20:56:16.442 INFO [stderr]    Compiling rocket_codegen v0.3.16
Nov 30 20:56:16.535 INFO [stderr]    Compiling heck v0.3.0
Nov 30 20:56:16.583 INFO [stderr]    Compiling syn v0.11.11
Nov 30 20:56:16.747 INFO [stderr]    Compiling mime v0.2.6
Nov 30 20:56:20.582 INFO [stderr]    Compiling crossbeam-epoch v0.3.1
Nov 30 20:56:21.801 INFO [stderr]    Compiling aho-corasick v0.6.8
Nov 30 20:56:22.399 INFO [stderr] error: failed to run custom build command for `rocket v0.3.16`
Nov 30 20:56:22.400 INFO [stderr] process didn't exit successfully: `/target/debug/build/rocket-e8632d5f710e389a/build-script-build` (exit code: 101)
Nov 30 20:56:22.400 INFO [stderr] --- stderr
Nov 30 20:56:22.400 INFO [stderr] [1;31mError:[0m [37mRocket requires a nightly or dev version of Rust.[0m
Nov 30 20:56:22.401 INFO [stderr] [37mInstalled version is:[0m [33m1.31.0-beta.20 (2018-11-30)[0m. [37mMinimum required:[0m [33m1.27.0-nightly (2018-04-26)[0m.
Nov 30 20:56:22.401 INFO [stderr] [34mSee the getting started guide ([0m[37mhttps://rocket.rs/guide/getting-started/[0m[34m) for more information.[0m
Nov 30 20:56:22.401 INFO [stderr] thread 'main' panicked at 'Aborting compilation due to incompatible compiler.', /cargo-home/registry/src/github.com-1ecc6299db9ec823/rocket-0.3.16/build.rs:38:13
Nov 30 20:56:22.402 INFO [stderr] stack backtrace:
Nov 30 20:56:22.402 INFO [stderr]    0:     0x55963a89533f - std::sys::unix::backtrace::tracing::imp::unwind_backtrace::h3a8b83e1922cbdde
Nov 30 20:56:22.402 INFO [stderr]                                at libstd/sys/unix/backtrace/tracing/gcc_s.rs:49
Nov 30 20:56:22.402 INFO [stderr]    1:     0x55963a8a0d17 - std::sys_common::backtrace::print::h00d3155a29b4020f
Nov 30 20:56:22.403 INFO [stderr]                                at libstd/sys_common/backtrace.rs:71
Nov 30 20:56:22.403 INFO [stderr]                                at libstd/sys_common/backtrace.rs:59
Nov 30 20:56:22.403 INFO [stderr]    2:     0x55963a899bdf - std::panicking::default_hook::{{closure}}::hd7465c742e79e1bb
Nov 30 20:56:22.404 INFO [stderr]                                at libstd/panicking.rs:211
Nov 30 20:56:22.404 INFO [stderr]    3:     0x55963a899944 - std::panicking::default_hook::h9e3966f2aa2a6e12
Nov 30 20:56:22.404 INFO [stderr]                                at libstd/panicking.rs:227
Nov 30 20:56:22.405 INFO [stderr]    4:     0x55963a89a20e - std::panicking::rust_panic_with_hook::h587f091ae747d080
Nov 30 20:56:22.405 INFO [stderr]                                at libstd/panicking.rs:476
Nov 30 20:56:22.405 INFO [stderr]    5:     0x55963a86cac3 - std::panicking::begin_panic::h185025b8b4804e9b
Nov 30 20:56:22.406 INFO [stderr]                                at libstd/panicking.rs:410
Nov 30 20:56:22.406 INFO [stderr]    6:     0x55963a86ab85 - build_script_build::main::h4284e4a3a8df7e1b
Nov 30 20:56:22.406 INFO [stderr]                                at /cargo-home/registry/src/github.com-1ecc6299db9ec823/rocket-0.3.16/build.rs:38
Nov 30 20:56:22.407 INFO [stderr]    7:     0x55963a86d3af - std::rt::lang_start::{{closure}}::ha0df32a52ba7057e
Nov 30 20:56:22.407 INFO [stderr]                                at libstd/rt.rs:74
Nov 30 20:56:22.407 INFO [stderr]    8:     0x55963a899c82 - std::panicking::try::do_call::h52e7f80ff0fdcc45
Nov 30 20:56:22.408 INFO [stderr]                                at libstd/rt.rs:59
Nov 30 20:56:22.408 INFO [stderr]                                at libstd/panicking.rs:310
Nov 30 20:56:22.408 INFO [stderr]    9:     0x55963a8abcc9 - __rust_maybe_catch_panic
Nov 30 20:56:22.408 INFO [stderr]                                at libpanic_unwind/lib.rs:102
Nov 30 20:56:22.409 INFO [stderr]   10:     0x55963a88999a - std::rt::lang_start_internal::h38cae898de7f805c
Nov 30 20:56:22.409 INFO [stderr]                                at libstd/panicking.rs:289
Nov 30 20:56:22.409 INFO [stderr]                                at libstd/panic.rs:392
Nov 30 20:56:22.410 INFO [stderr]                                at libstd/rt.rs:58
Nov 30 20:56:22.410 INFO [stderr]   11:     0x55963a86d388 - std::rt::lang_start::h3f68170055a70037
Nov 30 20:56:22.410 INFO [stderr]                                at libstd/rt.rs:74
Nov 30 20:56:22.411 INFO [stderr]   12:     0x55963a86ba59 - main
Nov 30 20:56:22.411 INFO [stderr]   13:     0x7fc5b6c1282f - __libc_start_main
Nov 30 20:56:22.411 INFO [stderr]   14:     0x55963a86a228 - _start
Nov 30 20:56:22.412 INFO [stderr]   15:                0x0 - <unknown>
Nov 30 20:56:22.412 INFO [stderr] 
Nov 30 20:56:22.412 INFO [stderr] warning: build failed, waiting for other jobs to finish...
Nov 30 20:56:22.507 INFO [stderr] error: failed to run custom build command for `rocket_codegen v0.3.16`
Nov 30 20:56:22.508 INFO [stderr] process didn't exit successfully: `/target/debug/build/rocket_codegen-4a5b65214453c03c/build-script-build` (exit code: 101)
Nov 30 20:56:22.508 INFO [stderr] --- stderr
Nov 30 20:56:22.508 INFO [stderr] [1;31mError:[0m [37mRocket requires a nightly or dev version of Rust.[0m
Nov 30 20:56:22.509 INFO [stderr] [37mInstalled version is:[0m [33m1.31.0-beta.20 (2018-11-30)[0m. [37mMinimum required:[0m [33m1.30.0-nightly (2018-08-23)[0m.
Nov 30 20:56:22.509 INFO [stderr] [34mSee the getting started guide ([0m[37mhttps://rocket.rs/guide/getting-started/[0m[34m) for more information.[0m
Nov 30 20:56:22.509 INFO [stderr] thread 'main' panicked at 'Aborting compilation due to incompatible compiler.', /cargo-home/registry/src/github.com-1ecc6299db9ec823/rocket_codegen-0.3.16/build.rs:38:17
Nov 30 20:56:22.510 INFO [stderr] stack backtrace:
Nov 30 20:56:22.510 INFO [stderr]    0:     0x55c50eb9132f - std::sys::unix::backtrace::tracing::imp::unwind_backtrace::h3a8b83e1922cbdde
Nov 30 20:56:22.510 INFO [stderr]                                at libstd/sys/unix/backtrace/tracing/gcc_s.rs:49
Nov 30 20:56:22.510 INFO [stderr]    1:     0x55c50eb9cd07 - std::sys_common::backtrace::print::h00d3155a29b4020f
Nov 30 20:56:22.511 INFO [stderr]                                at libstd/sys_common/backtrace.rs:71
Nov 30 20:56:22.511 INFO [stderr]                                at libstd/sys_common/backtrace.rs:59
Nov 30 20:56:22.511 INFO [stderr]    2:     0x55c50eb95bcf - std::panicking::default_hook::{{closure}}::hd7465c742e79e1bb
Nov 30 20:56:22.512 INFO [stderr]                                at libstd/panicking.rs:211
Nov 30 20:56:22.512 INFO [stderr]    3:     0x55c50eb95934 - std::panicking::default_hook::h9e3966f2aa2a6e12
Nov 30 20:56:22.512 INFO [stderr]                                at libstd/panicking.rs:227
Nov 30 20:56:22.513 INFO [stderr]    4:     0x55c50eb961fe - std::panicking::rust_panic_with_hook::h587f091ae747d080
Nov 30 20:56:22.513 INFO [stderr]                                at libstd/panicking.rs:476
Nov 30 20:56:22.513 INFO [stderr]    5:     0x55c50eb68ab3 - std::panicking::begin_panic::h637cf6c246413594
Nov 30 20:56:22.514 INFO [stderr]                                at libstd/panicking.rs:410
Nov 30 20:56:22.514 INFO [stderr]    6:     0x55c50eb66b84 - build_script_build::main::h2c72fd58a9234470
Nov 30 20:56:22.514 INFO [stderr]                                at /cargo-home/registry/src/github.com-1ecc6299db9ec823/rocket_codegen-0.3.16/build.rs:38
Nov 30 20:56:22.515 INFO [stderr]    7:     0x55c50eb6939f - std::rt::lang_start::{{closure}}::hfe557982ab535bc0
Nov 30 20:56:22.515 INFO [stderr]                                at libstd/rt.rs:74
Nov 30 20:56:22.515 INFO [stderr]    8:     0x55c50eb95c72 - std::panicking::try::do_call::h52e7f80ff0fdcc45
Nov 30 20:56:22.515 INFO [stderr]                                at libstd/rt.rs:59
Nov 30 20:56:22.516 INFO [stderr]                                at libstd/panicking.rs:310
Nov 30 20:56:22.516 INFO [stderr]    9:     0x55c50eba7cb9 - __rust_maybe_catch_panic
Nov 30 20:56:22.516 INFO [stderr]                                at libpanic_unwind/lib.rs:102
Nov 30 20:56:22.517 INFO [stderr]   10:     0x55c50eb8598a - std::rt::lang_start_internal::h38cae898de7f805c
Nov 30 20:56:22.517 INFO [stderr]                                at libstd/panicking.rs:289
Nov 30 20:56:22.517 INFO [stderr]                                at libstd/panic.rs:392
Nov 30 20:56:22.518 INFO [stderr]                                at libstd/rt.rs:58
Nov 30 20:56:22.518 INFO [stderr]   11:     0x55c50eb69378 - std::rt::lang_start::h04f69d23836a7815
Nov 30 20:56:22.518 INFO [stderr]                                at libstd/rt.rs:74
Nov 30 20:56:22.518 INFO [stderr]   12:     0x55c50eb67a49 - main
Nov 30 20:56:22.519 INFO [stderr]   13:     0x7f04f549782f - __libc_start_main
Nov 30 20:56:22.519 INFO [stderr]   14:     0x55c50eb66228 - _start
Nov 30 20:56:22.519 INFO [stderr]   15:                0x0 - <unknown>
Nov 30 20:56:22.519 INFO [stderr] 
Nov 30 20:56:22.520 INFO [stderr] warning: build failed, waiting for other jobs to finish...
Nov 30 20:56:22.551 INFO [stderr] error: failed to run custom build command for `pear_codegen v0.0.20`
Nov 30 20:56:22.552 INFO [stderr] process didn't exit successfully: `/target/debug/build/pear_codegen-9ebbb5de437ff65a/build-script-build` (exit code: 101)
Nov 30 20:56:22.552 INFO [stderr] --- stderr
Nov 30 20:56:22.552 INFO [stderr] [1;31mError:[0m [37mPear requires a nightly or dev version of Rust.[0m
Nov 30 20:56:22.552 INFO [stderr] [37mInstalled version is:[0m [33m1.31.0-beta.20 (2018-11-30)[0m. [37mMinimum required:[0m [33m1.30.0-nightly (2018-08-23)[0m.
Nov 30 20:56:22.553 INFO [stderr] thread 'main' panicked at 'Aborting compilation due to incompatible compiler.', /cargo-home/registry/src/github.com-1ecc6299db9ec823/pear_codegen-0.0.20/build.rs:31:13
Nov 30 20:56:22.553 INFO [stderr] stack backtrace:
Nov 30 20:56:22.553 INFO [stderr]    0:     0x5596e16dc0ff - std::sys::unix::backtrace::tracing::imp::unwind_backtrace::h3a8b83e1922cbdde
Nov 30 20:56:22.553 INFO [stderr]                                at libstd/sys/unix/backtrace/tracing/gcc_s.rs:49
Nov 30 20:56:22.554 INFO [stderr]    1:     0x5596e16e7ad7 - std::sys_common::backtrace::print::h00d3155a29b4020f
Nov 30 20:56:22.554 INFO [stderr]                                at libstd/sys_common/backtrace.rs:71
Nov 30 20:56:22.554 INFO [stderr]                                at libstd/sys_common/backtrace.rs:59
Nov 30 20:56:22.555 INFO [stderr]    2:     0x5596e16e099f - std::panicking::default_hook::{{closure}}::hd7465c742e79e1bb
Nov 30 20:56:22.555 INFO [stderr]                                at libstd/panicking.rs:211
Nov 30 20:56:22.555 INFO [stderr]    3:     0x5596e16e0704 - std::panicking::default_hook::h9e3966f2aa2a6e12
Nov 30 20:56:22.555 INFO [stderr]                                at libstd/panicking.rs:227
Nov 30 20:56:22.556 INFO [stderr]    4:     0x5596e16e0fce - std::panicking::rust_panic_with_hook::h587f091ae747d080
Nov 30 20:56:22.556 INFO [stderr]                                at libstd/panicking.rs:476
Nov 30 20:56:22.556 INFO [stderr]    5:     0x5596e16b3883 - std::panicking::begin_panic::h03cdb516ffc5f784
Nov 30 20:56:22.557 INFO [stderr]                                at libstd/panicking.rs:410
Nov 30 20:56:22.557 INFO [stderr]    6:     0x5596e16b1948 - build_script_build::main::h36944a4e267b7477
Nov 30 20:56:22.557 INFO [stderr]                                at /cargo-home/registry/src/github.com-1ecc6299db9ec823/pear_codegen-0.0.20/build.rs:31
Nov 30 20:56:22.557 INFO [stderr]    7:     0x5596e16b416f - std::rt::lang_start::{{closure}}::h5e49a6fd7616e446
Nov 30 20:56:22.558 INFO [stderr]                                at libstd/rt.rs:74
Nov 30 20:56:22.558 INFO [stderr]    8:     0x5596e16e0a42 - std::panicking::try::do_call::h52e7f80ff0fdcc45
Nov 30 20:56:22.558 INFO [stderr]                                at libstd/rt.rs:59
Nov 30 20:56:22.558 INFO [stderr]                                at libstd/panicking.rs:310
Nov 30 20:56:22.559 INFO [stderr]    9:     0x5596e16f2a89 - __rust_maybe_catch_panic
Nov 30 20:56:22.559 INFO [stderr]                                at libpanic_unwind/lib.rs:102
Nov 30 20:56:22.559 INFO [stderr]   10:     0x5596e16d075a - std::rt::lang_start_internal::h38cae898de7f805c
Nov 30 20:56:22.560 INFO [stderr]                                at libstd/panicking.rs:289
Nov 30 20:56:22.560 INFO [stderr]                                at libstd/panic.rs:392
Nov 30 20:56:22.560 INFO [stderr]                                at libstd/rt.rs:58
Nov 30 20:56:22.561 INFO [stderr]   11:     0x5596e16b4148 - std::rt::lang_start::hf3588cfe9ea8870a
Nov 30 20:56:22.561 INFO [stderr]                                at libstd/rt.rs:74
Nov 30 20:56:22.561 INFO [stderr]   12:     0x5596e16b2819 - main
Nov 30 20:56:22.561 INFO [stderr]   13:     0x7f045a62b82f - __libc_start_main
Nov 30 20:56:22.562 INFO [stderr]   14:     0x5596e16b1228 - _start
Nov 30 20:56:22.562 INFO [stderr]   15:                0x0 - <unknown>
Nov 30 20:56:22.562 INFO [stderr] 
Nov 30 20:56:22.563 INFO [stderr] warning: build failed, waiting for other jobs to finish...
Nov 30 20:56:44.371 INFO [stderr] error: build failed
Nov 30 20:56:44.378 INFO [stderr] su: No module specific data is present
Nov 30 20:56:45.833 INFO running `"docker" "inspect" "b9b668562343f0dccd5ce061969d051fee8908a9b58d2333176f0921e7af4bea"`
Nov 30 20:56:46.205 INFO running `"docker" "rm" "-f" "b9b668562343f0dccd5ce061969d051fee8908a9b58d2333176f0921e7af4bea"`
Nov 30 20:56:46.511 INFO [stdout] b9b668562343f0dccd5ce061969d051fee8908a9b58d2333176f0921e7af4bea
